{"id":374,"date":"2017-12-06T06:48:09","date_gmt":"2017-12-06T06:48:09","guid":{"rendered":"http:\/\/zuccheratagourmet.com.br\/wordpress\/"},"modified":"2021-03-22T21:44:38","modified_gmt":"2021-03-23T00:44:38","slug":"home-cakes","status":"publish","type":"page","link":"http:\/\/www.zuccheratagourmet.com.br\/wordpress\/","title":{"rendered":"Home"},"content":{"rendered":"[vc_row][vc_column][vc_wp_search el_id=&#8221;busca-home&#8221;][\/vc_column][\/vc_row][vc_row][vc_column][\/vc_column][vc_column][\/vc_column][vc_column][\/vc_column][\/vc_row][vc_row css=&#8221;.vc_custom_1513933314136{padding-top: 30px !important;padding-bottom: 90px !important;}&#8221;][vc_column]<div style='margin-bottom: 5px; border-color: #dd3333; ' class='cws_divider none_line style_5'><img style='width:82px;' src='http:\/\/www.zuccheratagourmet.com.br\/wordpress\/wp-content\/themes\/bellaria\/img\/dividers\/divider_5.png' alt \/><\/div>[vc_column_text]\n<h2 style=\"text-align: center;\">Nossos Produtos<\/h2>\n[\/vc_column_text]<section id='cwsportfolio_posts_grid_6a08f9b841489' class='posts_grid cwsportfolio_posts_grid simple_filter posts_grid_3 posts_grid_grid carousel_nav render_styles ' data-style='&quot;#cwsportfolio_posts_grid_6a08f9b841489 .cwsportfolio_post_title a,\\n\\t\\t#cwsportfolio_posts_grid_6a08f9b841489 .gallery_post_carousel_nav,\\n\\t\\t#cwsportfolio_posts_grid_6a08f9b841489 .links.video,\\n\\t\\t#cwsportfolio_posts_grid_6a08f9b841489 .post_content{\\n\\t\\t\\tcolor: #4b4342;\\n\\t\\t}\\n\\t\\t#cwsportfolio_posts_grid_6a08f9b841489 .portfolio_item_post.under_img .cwsportfolio_post_title:before{\\n\\t\\t\\tbackground: #4b4342;\\n\\t\\t}\\n\\t\\t#cwsportfolio_posts_grid_6a08f9b841489 .portfolio_item_post.hoverbi .hover-effect:before, \\n\\t\\t#cwsportfolio_posts_grid_6a08f9b841489 .portfolio_item_post.hoverbi2 .hover-effect:before, \\n\\t\\t#cwsportfolio_posts_grid_6a08f9b841489 .portfolio_item_post.hoverbi2 .hover-effect:after{\\n\\t\\t\\tborder-color: #4b4342;\\n\\t\\t}&quot;' data-col='3'><div class='bellaria_wrapper'><div class='bellaria_grid isotope masonry carousel_nav'><div class='grid-size'><\/div><article id='post_post_276' class='item portfolio_item_post portfolio_item_grid_post clearfix wave'  data-masonry-col='1'  data-masonry-line='1'><div class='item_content'><div class='post_media post_post_media post_posts_grid_post_media'><div class='pic'><img src='http:\/\/www.zuccheratagourmet.com.br\/wordpress\/wp-content\/uploads\/2017\/12\/Doces-Gourmet-scaled_01900190cc.jpg' data-at2x='http:\/\/www.zuccheratagourmet.com.br\/wordpress\/wp-content\/uploads\/2017\/12\/Doces-Gourmet-scaled_01900190cc@2x.jpg' alt \/><\/div><\/div><div class='cwsportfolio_content_wrap'><a href='http:\/\/www.zuccheratagourmet.com.br\/wordpress\/categoria-produto\/doces-gourmet\/' class='links area'><\/a><div class='hover-effect'><svg xmlns='http:\/\/www.w3.org\/2000\/svg' x='0px' y='0px' viewBox='79 -202.7 1000 1000' style='fill:rgba(255,255,255,0.7);'>\n\t\t\t<path d='M5459-1110.4L579.1-202.7c10.7,0,21.6,1.5,32.5,4.4c22.3,6,41.3,17,58,26.6c11.9,6.9,23,13.3,31.1,15.5\n\t\t\tc6.8,1.8,19.4,1.8,26.2,1.8h12.9c27.5,0,59.4,1.4,89.3,18.7c32.8,19,50.2,49.3,64.1,73.7c6.2,10.9,12.6,22.1,17.8,27.3\n\t\t\tc5.9,5.9,17.1,12.3,28.9,19.1c24,13.8,53.8,31,72.2,63c18.6,32.3,18.5,67,18.4,94.8c0,13.5-0.1,26.1,2,33.7\n\t\t\tc2.1,7.7,8.4,18.7,15.2,30.3c14,24.1,31.4,54.1,31.4,91.3c0,36.8-17.2,66.6-31,90.6c-6.9,11.9-13.3,23-15.5,31.1\n\t\t\tc-1.6,6.1-1.9,16.3-1.9,26.9c5.5,35.9-0.9,71-18.5,101.6c-18.9,32.7-49.1,50-73.4,63.9c-11.4,6.5-22.5,12.9-27.8,18.2\n\t\t\tc-5.9,5.9-12.3,17-19,28.7c-14,24.2-31.1,54.1-63.1,72.5c-29.5,17-60.5,18.5-89.7,18.5h-10.3c-10.6,0-21.6,0.2-28.4,2\n\t\t\tc-7.6,2-18.5,6.5-30.1,13.2c-24.1,14-54,29.6-91.3,29.6H579c-36.8,0-66.6-15.3-90.6-29.2c-11.8-6.8-22.9-12.3-31-14.4\n\t\t\tc-6-1.6-16.1-1.4-26.1-1.4l-12.8,0.3c-17.5,0-37.9-0.3-58.4-5.8c-11.2-3-21.4-7.1-31-12.7c-33-19.1-50.3-49.4-64.3-73.8\n\t\t\tc-6.2-10.8-12.6-22-17.8-27.2c-5.9-5.9-17-12.3-28.8-19.1c-24-13.8-53.8-31-72.3-63c-18.6-32.3-18.5-67-18.4-94.9\n\t\t\tc0-13.4,0.1-26.1-2-33.7c-2-7.7-8.4-18.6-15.2-30.2c-14-24.1-31.4-54-31.4-91.3c0-36.8,17.2-66.7,31.1-90.7\n\t\t\tc6.8-11.8,13.3-22.9,15.4-31c1.9-7.2,1.9-20.1,1.8-32.6c-0.1-28.1-0.2-63.1,18.8-95.9c19-32.9,49.3-50.2,73.6-64.2\n\t\t\tc10.9-6.2,22.1-12.7,27.3-17.9c5.9-5.9,12.3-17.1,19.2-28.9c13.8-24,31-53.8,62.9-72.2c29.5-17,60.3-18.5,89.3-18.5h11\n\t\t\tc10,0,21.3-0.2,28.2-2c7.6-2.1,18.6-8.4,30.1-15.1c24.3-14.1,54.3-31.5,91.4-31.6l4856-83.7l64-2888l-12016,96l-16,7000l7344,32\n\t\t\tl4760,96L5459-1110.4z M909.2,106.8c-10.2-17.7-28.5-28.3-46.3-38.5c-12.2-7.1-23.8-13.7-32.4-22.3c-8.1-8.1-14.5-19.3-21.3-31.2\n\t\t\tC798.8-3.3,788.1-22,769.7-32.7s-40-10.6-60.8-10.5c-13.7,0.1-26.6,0.1-37.7-2.9c-11.8-3.2-23.3-9.8-35.6-16.9\n\t\t\tC623-70.3,610-77.8,596.2-81.5c-5.6-1.5-11.3-2.4-17.1-2.4c-20.7,0-39.2,10.8-57,21.1c-12.1,7-23.5,13.7-35,16.8s-24.7,3-38.6,3\n\t\t\tc-20.6-0.1-42-0.1-59.9,10.3c-17.7,10.2-28.3,28.6-38.5,46.3c-7.1,12.3-13.7,23.8-22.3,32.5c-8.1,8.1-19.4,14.6-31.2,21.4\n\t\t\tc-18.1,10.4-36.8,21.1-47.4,39.5c-10.7,18.5-10.6,40-10.5,60.9c0,13.7,0.1,26.6-2.9,37.8c-3.2,11.8-9.8,23.3-16.9,35.5\n\t\t\tC208.6,259,198,277.4,198,297.8c0,20.8,10.7,39.2,21.1,57.1c7,12.1,13.6,23.5,16.7,35c3.1,11.5,3,24.6,3,38.6\n\t\t\tc-0.1,20.7-0.1,42,10.2,60.1c10.2,17.7,28.5,28.3,46.3,38.5c12.2,7.1,23.8,13.7,32.4,22.3c8.1,8.1,14.5,19.3,21.3,31.2\n\t\t\tc10.4,18.2,21.1,36.9,39.5,47.5c5.1,2.9,10.6,5.2,16.7,6.8c14.1,3.8,29.3,3.7,44,3.7c13.8-0.1,26.7-0.1,37.8,2.9\n\t\t\tc11.8,3.2,23.3,9.8,35.5,16.9c17.8,10.3,36.1,20.9,56.6,20.9c20.8,0,39.2-10.8,57-21.2c12.1-7,23.5-13.7,35-16.7\n\t\t\tc11.5-3.1,24.6-3,38.6-3c20.7,0,42.1,0.1,60.1-10.3c17.7-10.2,28.4-28.6,38.6-46.3c7.1-12.3,13.9-23.8,22.5-32.4\n\t\t\tc8.1-8.1,19.6-14.5,31.5-21.3c18.2-10.4,37.7-21.1,48.4-39.6c10.6-18.5,8.9-87.6,11.9-98.7c3.2-11.8,9.8-23.3,16.9-35.6\n\t\t\tc10.3-17.8,20.9-36.1,20.9-56.6c0-20.8-10.7-39.2-21.1-57.1c-7-12.1-13.6-23.5-16.7-35c-3.1-11.5-3-24.7-3-38.7\n\t\t\tC919.5,146.2,919.5,124.8,909.2,106.8z'\/>\n\t\t<\/svg><\/div><h3 class='cwsportfolio_post_title post_title text_aligncenter'><a href='http:\/\/www.zuccheratagourmet.com.br\/wordpress\/categoria-produto\/doces-gourmet\/'>Doce Gourmet<\/a><\/h3><\/div><\/div><\/article><article id='post_post_278' class='item portfolio_item_post portfolio_item_grid_post clearfix wave'  data-masonry-col='1'  data-masonry-line='1'><div class='item_content'><div class='post_media post_post_media post_posts_grid_post_media'><div class='pic'><img src='http:\/\/www.zuccheratagourmet.com.br\/wordpress\/wp-content\/uploads\/2017\/12\/Pipoca-Gourmet-1-scaled-e1613480444934_01900190cc.jpg' data-at2x='http:\/\/www.zuccheratagourmet.com.br\/wordpress\/wp-content\/uploads\/2017\/12\/Pipoca-Gourmet-1-scaled-e1613480444934_01900190cc@2x.jpg' alt \/><\/div><\/div><div class='cwsportfolio_content_wrap'><a href='http:\/\/www.zuccheratagourmet.com.br\/wordpress\/categoria-produto\/pipoca-gourmet\/' class='links area'><\/a><div class='hover-effect'><svg xmlns='http:\/\/www.w3.org\/2000\/svg' x='0px' y='0px' viewBox='79 -202.7 1000 1000' style='fill:rgba(255,255,255,0.7);'>\n\t\t\t<path d='M5459-1110.4L579.1-202.7c10.7,0,21.6,1.5,32.5,4.4c22.3,6,41.3,17,58,26.6c11.9,6.9,23,13.3,31.1,15.5\n\t\t\tc6.8,1.8,19.4,1.8,26.2,1.8h12.9c27.5,0,59.4,1.4,89.3,18.7c32.8,19,50.2,49.3,64.1,73.7c6.2,10.9,12.6,22.1,17.8,27.3\n\t\t\tc5.9,5.9,17.1,12.3,28.9,19.1c24,13.8,53.8,31,72.2,63c18.6,32.3,18.5,67,18.4,94.8c0,13.5-0.1,26.1,2,33.7\n\t\t\tc2.1,7.7,8.4,18.7,15.2,30.3c14,24.1,31.4,54.1,31.4,91.3c0,36.8-17.2,66.6-31,90.6c-6.9,11.9-13.3,23-15.5,31.1\n\t\t\tc-1.6,6.1-1.9,16.3-1.9,26.9c5.5,35.9-0.9,71-18.5,101.6c-18.9,32.7-49.1,50-73.4,63.9c-11.4,6.5-22.5,12.9-27.8,18.2\n\t\t\tc-5.9,5.9-12.3,17-19,28.7c-14,24.2-31.1,54.1-63.1,72.5c-29.5,17-60.5,18.5-89.7,18.5h-10.3c-10.6,0-21.6,0.2-28.4,2\n\t\t\tc-7.6,2-18.5,6.5-30.1,13.2c-24.1,14-54,29.6-91.3,29.6H579c-36.8,0-66.6-15.3-90.6-29.2c-11.8-6.8-22.9-12.3-31-14.4\n\t\t\tc-6-1.6-16.1-1.4-26.1-1.4l-12.8,0.3c-17.5,0-37.9-0.3-58.4-5.8c-11.2-3-21.4-7.1-31-12.7c-33-19.1-50.3-49.4-64.3-73.8\n\t\t\tc-6.2-10.8-12.6-22-17.8-27.2c-5.9-5.9-17-12.3-28.8-19.1c-24-13.8-53.8-31-72.3-63c-18.6-32.3-18.5-67-18.4-94.9\n\t\t\tc0-13.4,0.1-26.1-2-33.7c-2-7.7-8.4-18.6-15.2-30.2c-14-24.1-31.4-54-31.4-91.3c0-36.8,17.2-66.7,31.1-90.7\n\t\t\tc6.8-11.8,13.3-22.9,15.4-31c1.9-7.2,1.9-20.1,1.8-32.6c-0.1-28.1-0.2-63.1,18.8-95.9c19-32.9,49.3-50.2,73.6-64.2\n\t\t\tc10.9-6.2,22.1-12.7,27.3-17.9c5.9-5.9,12.3-17.1,19.2-28.9c13.8-24,31-53.8,62.9-72.2c29.5-17,60.3-18.5,89.3-18.5h11\n\t\t\tc10,0,21.3-0.2,28.2-2c7.6-2.1,18.6-8.4,30.1-15.1c24.3-14.1,54.3-31.5,91.4-31.6l4856-83.7l64-2888l-12016,96l-16,7000l7344,32\n\t\t\tl4760,96L5459-1110.4z M909.2,106.8c-10.2-17.7-28.5-28.3-46.3-38.5c-12.2-7.1-23.8-13.7-32.4-22.3c-8.1-8.1-14.5-19.3-21.3-31.2\n\t\t\tC798.8-3.3,788.1-22,769.7-32.7s-40-10.6-60.8-10.5c-13.7,0.1-26.6,0.1-37.7-2.9c-11.8-3.2-23.3-9.8-35.6-16.9\n\t\t\tC623-70.3,610-77.8,596.2-81.5c-5.6-1.5-11.3-2.4-17.1-2.4c-20.7,0-39.2,10.8-57,21.1c-12.1,7-23.5,13.7-35,16.8s-24.7,3-38.6,3\n\t\t\tc-20.6-0.1-42-0.1-59.9,10.3c-17.7,10.2-28.3,28.6-38.5,46.3c-7.1,12.3-13.7,23.8-22.3,32.5c-8.1,8.1-19.4,14.6-31.2,21.4\n\t\t\tc-18.1,10.4-36.8,21.1-47.4,39.5c-10.7,18.5-10.6,40-10.5,60.9c0,13.7,0.1,26.6-2.9,37.8c-3.2,11.8-9.8,23.3-16.9,35.5\n\t\t\tC208.6,259,198,277.4,198,297.8c0,20.8,10.7,39.2,21.1,57.1c7,12.1,13.6,23.5,16.7,35c3.1,11.5,3,24.6,3,38.6\n\t\t\tc-0.1,20.7-0.1,42,10.2,60.1c10.2,17.7,28.5,28.3,46.3,38.5c12.2,7.1,23.8,13.7,32.4,22.3c8.1,8.1,14.5,19.3,21.3,31.2\n\t\t\tc10.4,18.2,21.1,36.9,39.5,47.5c5.1,2.9,10.6,5.2,16.7,6.8c14.1,3.8,29.3,3.7,44,3.7c13.8-0.1,26.7-0.1,37.8,2.9\n\t\t\tc11.8,3.2,23.3,9.8,35.5,16.9c17.8,10.3,36.1,20.9,56.6,20.9c20.8,0,39.2-10.8,57-21.2c12.1-7,23.5-13.7,35-16.7\n\t\t\tc11.5-3.1,24.6-3,38.6-3c20.7,0,42.1,0.1,60.1-10.3c17.7-10.2,28.4-28.6,38.6-46.3c7.1-12.3,13.9-23.8,22.5-32.4\n\t\t\tc8.1-8.1,19.6-14.5,31.5-21.3c18.2-10.4,37.7-21.1,48.4-39.6c10.6-18.5,8.9-87.6,11.9-98.7c3.2-11.8,9.8-23.3,16.9-35.6\n\t\t\tc10.3-17.8,20.9-36.1,20.9-56.6c0-20.8-10.7-39.2-21.1-57.1c-7-12.1-13.6-23.5-16.7-35c-3.1-11.5-3-24.7-3-38.7\n\t\t\tC919.5,146.2,919.5,124.8,909.2,106.8z'\/>\n\t\t<\/svg><\/div><h3 class='cwsportfolio_post_title post_title text_aligncenter'><a href='http:\/\/www.zuccheratagourmet.com.br\/wordpress\/categoria-produto\/pipoca-gourmet\/'>Pipoca Gourmet<\/a><\/h3><\/div><\/div><\/article><article id='post_post_279' class='item portfolio_item_post portfolio_item_grid_post clearfix wave'  data-masonry-col='1'  data-masonry-line='1'><div class='item_content'><div class='post_media post_post_media post_posts_grid_post_media'><div class='pic'><img src='http:\/\/www.zuccheratagourmet.com.br\/wordpress\/wp-content\/uploads\/2017\/12\/zuccheratagourmet-16763864706291_01900190cc.jpg' data-at2x='http:\/\/www.zuccheratagourmet.com.br\/wordpress\/wp-content\/uploads\/2017\/12\/zuccheratagourmet-16763864706291_01900190cc@2x.jpg' alt \/><\/div><\/div><div class='cwsportfolio_content_wrap'><a href='http:\/\/www.zuccheratagourmet.com.br\/wordpress\/categoria-produto\/bolos-decorados\/' class='links area'><\/a><div class='hover-effect'><svg xmlns='http:\/\/www.w3.org\/2000\/svg' x='0px' y='0px' viewBox='79 -202.7 1000 1000' style='fill:rgba(255,255,255,0.7);'>\n\t\t\t<path d='M5459-1110.4L579.1-202.7c10.7,0,21.6,1.5,32.5,4.4c22.3,6,41.3,17,58,26.6c11.9,6.9,23,13.3,31.1,15.5\n\t\t\tc6.8,1.8,19.4,1.8,26.2,1.8h12.9c27.5,0,59.4,1.4,89.3,18.7c32.8,19,50.2,49.3,64.1,73.7c6.2,10.9,12.6,22.1,17.8,27.3\n\t\t\tc5.9,5.9,17.1,12.3,28.9,19.1c24,13.8,53.8,31,72.2,63c18.6,32.3,18.5,67,18.4,94.8c0,13.5-0.1,26.1,2,33.7\n\t\t\tc2.1,7.7,8.4,18.7,15.2,30.3c14,24.1,31.4,54.1,31.4,91.3c0,36.8-17.2,66.6-31,90.6c-6.9,11.9-13.3,23-15.5,31.1\n\t\t\tc-1.6,6.1-1.9,16.3-1.9,26.9c5.5,35.9-0.9,71-18.5,101.6c-18.9,32.7-49.1,50-73.4,63.9c-11.4,6.5-22.5,12.9-27.8,18.2\n\t\t\tc-5.9,5.9-12.3,17-19,28.7c-14,24.2-31.1,54.1-63.1,72.5c-29.5,17-60.5,18.5-89.7,18.5h-10.3c-10.6,0-21.6,0.2-28.4,2\n\t\t\tc-7.6,2-18.5,6.5-30.1,13.2c-24.1,14-54,29.6-91.3,29.6H579c-36.8,0-66.6-15.3-90.6-29.2c-11.8-6.8-22.9-12.3-31-14.4\n\t\t\tc-6-1.6-16.1-1.4-26.1-1.4l-12.8,0.3c-17.5,0-37.9-0.3-58.4-5.8c-11.2-3-21.4-7.1-31-12.7c-33-19.1-50.3-49.4-64.3-73.8\n\t\t\tc-6.2-10.8-12.6-22-17.8-27.2c-5.9-5.9-17-12.3-28.8-19.1c-24-13.8-53.8-31-72.3-63c-18.6-32.3-18.5-67-18.4-94.9\n\t\t\tc0-13.4,0.1-26.1-2-33.7c-2-7.7-8.4-18.6-15.2-30.2c-14-24.1-31.4-54-31.4-91.3c0-36.8,17.2-66.7,31.1-90.7\n\t\t\tc6.8-11.8,13.3-22.9,15.4-31c1.9-7.2,1.9-20.1,1.8-32.6c-0.1-28.1-0.2-63.1,18.8-95.9c19-32.9,49.3-50.2,73.6-64.2\n\t\t\tc10.9-6.2,22.1-12.7,27.3-17.9c5.9-5.9,12.3-17.1,19.2-28.9c13.8-24,31-53.8,62.9-72.2c29.5-17,60.3-18.5,89.3-18.5h11\n\t\t\tc10,0,21.3-0.2,28.2-2c7.6-2.1,18.6-8.4,30.1-15.1c24.3-14.1,54.3-31.5,91.4-31.6l4856-83.7l64-2888l-12016,96l-16,7000l7344,32\n\t\t\tl4760,96L5459-1110.4z M909.2,106.8c-10.2-17.7-28.5-28.3-46.3-38.5c-12.2-7.1-23.8-13.7-32.4-22.3c-8.1-8.1-14.5-19.3-21.3-31.2\n\t\t\tC798.8-3.3,788.1-22,769.7-32.7s-40-10.6-60.8-10.5c-13.7,0.1-26.6,0.1-37.7-2.9c-11.8-3.2-23.3-9.8-35.6-16.9\n\t\t\tC623-70.3,610-77.8,596.2-81.5c-5.6-1.5-11.3-2.4-17.1-2.4c-20.7,0-39.2,10.8-57,21.1c-12.1,7-23.5,13.7-35,16.8s-24.7,3-38.6,3\n\t\t\tc-20.6-0.1-42-0.1-59.9,10.3c-17.7,10.2-28.3,28.6-38.5,46.3c-7.1,12.3-13.7,23.8-22.3,32.5c-8.1,8.1-19.4,14.6-31.2,21.4\n\t\t\tc-18.1,10.4-36.8,21.1-47.4,39.5c-10.7,18.5-10.6,40-10.5,60.9c0,13.7,0.1,26.6-2.9,37.8c-3.2,11.8-9.8,23.3-16.9,35.5\n\t\t\tC208.6,259,198,277.4,198,297.8c0,20.8,10.7,39.2,21.1,57.1c7,12.1,13.6,23.5,16.7,35c3.1,11.5,3,24.6,3,38.6\n\t\t\tc-0.1,20.7-0.1,42,10.2,60.1c10.2,17.7,28.5,28.3,46.3,38.5c12.2,7.1,23.8,13.7,32.4,22.3c8.1,8.1,14.5,19.3,21.3,31.2\n\t\t\tc10.4,18.2,21.1,36.9,39.5,47.5c5.1,2.9,10.6,5.2,16.7,6.8c14.1,3.8,29.3,3.7,44,3.7c13.8-0.1,26.7-0.1,37.8,2.9\n\t\t\tc11.8,3.2,23.3,9.8,35.5,16.9c17.8,10.3,36.1,20.9,56.6,20.9c20.8,0,39.2-10.8,57-21.2c12.1-7,23.5-13.7,35-16.7\n\t\t\tc11.5-3.1,24.6-3,38.6-3c20.7,0,42.1,0.1,60.1-10.3c17.7-10.2,28.4-28.6,38.6-46.3c7.1-12.3,13.9-23.8,22.5-32.4\n\t\t\tc8.1-8.1,19.6-14.5,31.5-21.3c18.2-10.4,37.7-21.1,48.4-39.6c10.6-18.5,8.9-87.6,11.9-98.7c3.2-11.8,9.8-23.3,16.9-35.6\n\t\t\tc10.3-17.8,20.9-36.1,20.9-56.6c0-20.8-10.7-39.2-21.1-57.1c-7-12.1-13.6-23.5-16.7-35c-3.1-11.5-3-24.7-3-38.7\n\t\t\tC919.5,146.2,919.5,124.8,909.2,106.8z'\/>\n\t\t<\/svg><\/div><h3 class='cwsportfolio_post_title post_title text_aligncenter'><a href='http:\/\/www.zuccheratagourmet.com.br\/wordpress\/categoria-produto\/bolos-decorados\/'>Bolos Decorados<\/a><\/h3><\/div><\/div><\/article><\/div><\/div><\/section>[\/vc_column][\/vc_row][vc_row][vc_column]<div style='border-color: #ffffff; ' class='cws_divider short_line style_5'><img style='width:82px;' src='http:\/\/www.zuccheratagourmet.com.br\/wordpress\/wp-content\/themes\/bellaria\/img\/dividers\/divider_5.png' alt \/><\/div>[vc_wp_tagcloud title=&#8221;Nuvem de Produtos&#8221; taxonomy=&#8221;product_tag&#8221; el_id=&#8221;tag-home&#8221;][\/vc_column][\/vc_row][vc_row full_width=&#8221;stretch_row&#8221; bg_cws_color=&#8221;color&#8221; cws_overlay_color=&#8221;rgba(67,183,156,0.8)&#8221; crop=&#8221;1&#8243; css=&#8221;.vc_custom_1512565001877{margin-top: -100px !important;padding-top: 70px !important;padding-bottom: 190px !important;background-image: url(http:\/\/zuccheratagourmet.com.br\/wordpress\/wp-content\/uploads\/2020\/12\/producao_capa.jpg) !important;}&#8221;][vc_column offset=&#8221;vc_col-lg-offset-1 vc_col-lg-10&#8243;]<div id='bellaria_services_column_6a08f9b8473b6' data-style='&quot;&quot;' class='bellaria_service bellaria_module render_styles custom_size icon_center with_frame '><div class='bellaria_services_data'><div class='bellaria_services_media' style='width:125px;height:125px; font-size:80px;'><div class='bellaria_services_frame'><svg x='0px' y='0px' xmlns='http:\/\/www.w3.org\/2000\/svg' viewBox='0 0 500 500' style='stroke-width:12px;fill:transparent;stroke:#ffffff;'>\n\t\t\t<path d='M488.5,274.5L488.5,274.5l1.8-0.5l-2,0.5c-2.4-8.7-4.5-16.9-4.5-24.5c0-8,2.3-16.5,4.7-25.5\n\t\t\tc3.5-13,7.1-26.5,3.7-39.5c-3.6-13.2-13.5-23.1-23.1-32.7c-6.5-6.5-12.6-12.6-16.6-19.4c-3.9-6.8-6.1-15.2-8.5-24.1\n\t\t\tc-3.5-13.1-7.1-26.7-16.7-36.3c-9.5-9.5-22.9-13.1-35.9-16.6c-9-2.4-17.5-4.6-24.4-8.7c-6.5-3.8-12.5-9.8-18.9-16.2\n\t\t\tc-9.7-9.8-19.6-19.8-33.2-23.4c-13.5-3.7-27.3,0.1-40.4,3.7c-8.7,2.4-16.9,4.6-24.5,4.6c-8,0-16.5-2.3-25.5-4.7\n\t\t\tc-9.3-2.5-18.8-5-28.1-5c-3.8,0-7.6,0.4-11.3,1.4C172,11.1,162,21.1,152.4,30.7c-6.5,6.5-12.6,12.6-19.4,16.6\n\t\t\tc-6.8,3.9-15.2,6.1-24.1,8.5c-13.1,3.5-26.7,7.1-36.3,16.7c-9.5,9.5-13.1,23-16.6,36c-2.4,9-4.6,17.5-8.7,24.4\n\t\t\tc-3.8,6.5-9.8,12.5-16.2,18.9c-9.8,9.7-19.7,19.6-23.4,33.2c-3.7,13.5,0.1,27.3,3.7,40.5c2.4,8.7,4.6,16.9,4.6,24.5\n\t\t\tc0,8-2.3,16.5-4.6,25.5c-3.5,13-7.1,26.6-3.7,39.5c3.6,13.2,13.5,23.1,23.1,32.7c6.5,6.5,12.6,12.6,16.6,19.4\n\t\t\tc3.9,6.8,6.1,15.1,8.5,24c3.5,13.1,7.1,26.8,16.7,36.4c9.5,9.5,23,13.1,35.9,16.6c9,2.4,17.5,4.6,24.4,8.7\n\t\t\tc6.5,3.8,12.5,9.8,18.9,16.2c9.7,9.8,19.6,19.8,33.2,23.5c3.8,1,7.6,1.5,11.8,1.5c9.6,0,19.3-2.7,28.5-5.1c8.8-2.4,17-4.6,24.5-4.6\n\t\t\tc8,0,16.5,2.3,25.5,4.6c13,3.6,26.6,7.1,39.5,3.7c13.2-3.6,23.1-13.5,32.7-23.1c6.5-6.5,12.6-12.6,19.4-16.6\n\t\t\tc6.7-3.9,15.1-6.1,24-8.5c13.1-3.5,26.8-7.1,36.4-16.8c9.5-9.5,13.1-23,16.6-36c2.4-9,4.6-17.5,8.7-24.4c3.8-6.5,9.8-12.5,16.2-18.9\n\t\t\tc9.8-9.7,19.9-19.7,23.6-33.3C495.7,301.4,494.4,287.7,488.5,274.5z'\/>\n\t\t<\/svg><\/div><div class='bellaria_services_image'><img src='http:\/\/www.zuccheratagourmet.com.br\/wordpress\/wp-content\/uploads\/2017\/12\/devider_heart.png' alt><\/div><\/div><\/div><\/div>[vc_column_text]\n<h2 style=\"text-align: center;\"><strong>\u00a0Nossa Produ\u00e7\u00e3o<\/strong><\/h2>\n<p style=\"text-align: center;\"><span style=\"font-weight: 400;\">Conhe\u00e7a um pouquinho os processos do nosso ateli\u00ea de del\u00edcias Zuccherata Gourmet<\/span><\/p>\n[\/vc_column_text]<div data-style='&quot;#bellaria_button_6a08f9b847b21.with_bg,\\r\\n\\t\\t\\t#bellaria_button_6a08f9b847b21.with_bg span:before{\\r\\n\\t\\t\\tbox-shadow: 0px 0px 0px 3px ;\\r\\n    \\t\\tbackground: ;\\r\\n\\t\\t}#bellaria_button_6a08f9b847b21.bellaria_button{\\r\\n\\t\\t\\tcolor: #ffffff;\\r\\n\\t\\t\\tbackground-color: transparent;\\r\\n\\t\\t\\tborder-color: #ffffff;\\r\\n\\t\\t}#bellaria_button_6a08f9b847b21.bellaria_button &gt; i{\\r\\n\\t\\t\\tcolor: #ffffff;\\r\\n\\t\\t}#bellaria_button_6a08f9b847b21.bellaria_button:hover{\\r\\n\\t\\t\\tcolor: #5fcac7;\\r\\n\\t\\t\\tbackground-color: #ffffff;\\r\\n\\t\\t\\tborder-color: #ffffff;\\t\\r\\n\\t\\t}#bellaria_button_6a08f9b847b21.bellaria_button:hover &gt; i{\\r\\n\\t\\t\\tcolor: #5fcac7;\\r\\n\\t\\t}#bellaria_button_6a08f9b847b21.bellaria_button span:before{\\r\\n\\t\\t\\tbackground-color: transparent;\\r\\n\\t\\t\\tborder-color: #ffffff;\\r\\n\\t\\t}#bellaria_button_6a08f9b847b21.bellaria_button:hover span:before{\\r\\n\\t\\t\\tbackground-color: #ffffff;\\r\\n\\t\\t\\tborder-color: #ffffff;\\r\\n\\t\\t}&quot;' class='bellaria_button_wrapper render_styles aligncenter'><a href='http:\/\/zuccheratagourmet.com.br\/wordpress\/sobre-a-vivi-cordeiro\/' id='bellaria_button_6a08f9b847b21' class='bellaria_button large figure' ><span><\/span>Saiba Mais<span><\/span><\/a><\/div>[\/vc_column][\/vc_row][vc_row][vc_column width=&#8221;1\/2&#8243;][\/vc_column][vc_column width=&#8221;1\/2&#8243;][\/vc_column][vc_column][vc_row_inner][vc_column_inner][\/vc_column_inner][\/vc_row_inner][\/vc_column][\/vc_row][vc_row][vc_column width=&#8221;1\/2&#8243;][vc_column_text]\n<h3 style=\"text-align: center;\">\u00a0 \u00a0 \u00a0<img decoding=\"async\" loading=\"lazy\" class=\"alignnone size-full wp-image-3179\" src=\"http:\/\/zuccheratagourmet.com.br\/wordpress\/wp-content\/uploads\/2021\/01\/divider_5-e1611868832723.png\" alt=\"\" width=\"82\" height=\"39\" \/><\/h3>\n<h2 style=\"text-align: center;\">Food Cart<\/h2>\n<p style=\"text-align: center;\">Nosso Carrinho vai at\u00e9 onde voc\u00ea estiver!<\/p>\n<p style=\"text-align: center;\">O food cart Zuccherata Gourmet vai at\u00e9 a sua empresa, seu evento corporativo, sua festa e a de seus convidados e amigos.<\/p>\n<p style=\"text-align: center;\">Contate-nos e ficaremos felizes em atender voc\u00ea.<\/p>\n[\/vc_column_text][\/vc_column][vc_column width=&#8221;1\/2&#8243;][vc_hoverbox image=&#8221;3327&#8243; primary_title=&#8221;&#8221; hover_title=&#8221;Food Cart&#8221; hover_background_color=&#8221;custom&#8221; hover_custom_background=&#8221;#ffccd5&#8243; css=&#8221;.vc_custom_1615907663357{padding-bottom: 10px !important;}&#8221;]Doces fresquinhos e gostosos direto da nossa cozinha no carrinho mais charmoso que voc\u00ea j\u00e1 viu para o seu evento.<\/p>\n<p><span style=\"color: #333333;\"><strong><a style=\"color: #333333;\" href=\"http:\/\/zuccheratagourmet.com.br\/wordpress\/contato\/\">Fa\u00e7a sua festa conosco!<\/a><\/strong><\/span>[\/vc_hoverbox][\/vc_column][vc_column][\/vc_column][\/vc_row][vc_row][vc_column][\/vc_column][\/vc_row]\n","protected":false},"excerpt":{"rendered":"<p>[vc_row][vc_column][vc_wp_search el_id=&#8221;busca-home&#8221;][\/vc_column][\/vc_row][vc_row][vc_column][\/vc_column][vc_column][\/vc_column][vc_column][\/vc_column][\/vc_row][vc_row css=&#8221;.vc_custom_1513933314136{padding-top: 30px !important;padding-bottom: 90px !important;}&#8221;][vc_column][vc_column_text] Nossos Produtos [\/vc_column_text][\/vc_column][\/vc_row][vc_row][vc_column][vc_wp_tagcloud title=&#8221;Nuvem de Produtos&#8221; taxonomy=&#8221;product_tag&#8221; el_id=&#8221;tag-home&#8221;][\/vc_column][\/vc_row][vc_row full_width=&#8221;stretch_row&#8221; bg_cws_color=&#8221;color&#8221; cws_overlay_color=&#8221;rgba(67,183,156,0.8)&#8221; crop=&#8221;1&#8243; css=&#8221;.vc_custom_1512565001877{margin-top: -100px !important;padding-top: 70px !important;padding-bottom: 190px !important;background-image: url(http:\/\/zuccheratagourmet.com.br\/wordpress\/wp-content\/uploads\/2020\/12\/producao_capa.jpg) !important;}&#8221;][vc_column offset=&#8221;vc_col-lg-offset-1 vc_col-lg-10&#8243;][vc_column_text] \u00a0Nossa Produ\u00e7\u00e3o Conhe\u00e7a um pouquinho os processos do nosso ateli\u00ea de del\u00edcias Zuccherata Gourmet [\/vc_column_text][\/vc_column][\/vc_row][vc_row][vc_column width=&#8221;1\/2&#8243;][\/vc_column][vc_column width=&#8221;1\/2&#8243;][\/vc_column][vc_column][vc_row_inner][vc_column_inner][\/vc_column_inner][\/vc_row_inner][\/vc_column][\/vc_row][vc_row][vc_column width=&#8221;1\/2&#8243;][vc_column_text] \u00a0 \u00a0 \u00a0 Food Cart Nosso Carrinho [&hellip;]<\/p>\n","protected":false},"author":1,"featured_media":0,"parent":0,"menu_order":0,"comment_status":"closed","ping_status":"closed","template":"","meta":{"_monsterinsights_skip_tracking":false,"_monsterinsights_sitenote_active":false,"_monsterinsights_sitenote_note":"","_monsterinsights_sitenote_category":0},"aioseo_notices":[],"_links":{"self":[{"href":"http:\/\/www.zuccheratagourmet.com.br\/wordpress\/wp-json\/wp\/v2\/pages\/374"}],"collection":[{"href":"http:\/\/www.zuccheratagourmet.com.br\/wordpress\/wp-json\/wp\/v2\/pages"}],"about":[{"href":"http:\/\/www.zuccheratagourmet.com.br\/wordpress\/wp-json\/wp\/v2\/types\/page"}],"author":[{"embeddable":true,"href":"http:\/\/www.zuccheratagourmet.com.br\/wordpress\/wp-json\/wp\/v2\/users\/1"}],"replies":[{"embeddable":true,"href":"http:\/\/www.zuccheratagourmet.com.br\/wordpress\/wp-json\/wp\/v2\/comments?post=374"}],"version-history":[{"count":121,"href":"http:\/\/www.zuccheratagourmet.com.br\/wordpress\/wp-json\/wp\/v2\/pages\/374\/revisions"}],"predecessor-version":[{"id":3683,"href":"http:\/\/www.zuccheratagourmet.com.br\/wordpress\/wp-json\/wp\/v2\/pages\/374\/revisions\/3683"}],"wp:attachment":[{"href":"http:\/\/www.zuccheratagourmet.com.br\/wordpress\/wp-json\/wp\/v2\/media?parent=374"}],"curies":[{"name":"wp","href":"https:\/\/api.w.org\/{rel}","templated":true}]}}