{"id":2394,"date":"2020-11-02T17:35:10","date_gmt":"2020-11-02T20:35:10","guid":{"rendered":"http:\/\/zuccheratagourmet.com.br\/wordpress\/?page_id=2394"},"modified":"2021-03-22T21:49:32","modified_gmt":"2021-03-23T00:49:32","slug":"a-zuccherata","status":"publish","type":"page","link":"http:\/\/www.zuccheratagourmet.com.br\/wordpress\/a-zuccherata\/","title":{"rendered":"A Zuccherata"},"content":{"rendered":"[vc_row][vc_column][vc_column_text]\r\n<h2 style=\"text-align: center;\">\u00a0<\/h2>\r\n<h2 style=\"text-align: center;\"><img decoding=\"async\" loading=\"lazy\" class=\"alignnone size-full wp-image-3179\" src=\"http:\/\/zuccheratagourmet.com.br\/wordpress\/wp-content\/uploads\/2021\/01\/divider_5-e1611868832723.png\" alt=\"\" width=\"82\" height=\"39\" \/><\/h2>\r\n<h2 style=\"text-align: center;\">A Zuccherata<\/h2>\r\n<p style=\"text-align: center;\"><span style=\"font-weight: 400;\">A Zuccherata Gourmet nasceu em meio a muito chocolate e amor pela confeitaria!<\/span><\/p>\r\n\r\n<blockquote class=\"wp-block-quote\">\r\n<p>Ol\u00e1, sou a Vivi Cordeiro e vim te contar nossa hist\u00f3ria!<\/p>\r\n<\/blockquote>\r\n\r\n[\/vc_column_text][\/vc_column][\/vc_row][vc_column width=&#8221;4\/5&#8243;][vc_column_text]\r\n<p style=\"text-align: center;\"><strong>Foi na P\u00e1scoa de 2018 que tudo come\u00e7ou\u2026<\/strong> Investi uma pequena quantia inicial e comprei alguns materiais, uma geladeira usada e comecei a divulgar. Recebi tantas encomendas que cheguei a pensar \u201cn\u00e3o vou dar conta de tantos ovos\u201d, afinal, eu trabalhava sozinha. A fam\u00edlia se reuniu e recebi v\u00e1rias m\u00e3ozinhas amigas (filhas, m\u00e3e, prima e marid\u00e3o) para me ajudar na se\u00e7\u00e3o de embalagens, e tudo deu certo.<\/p>\r\n[\/vc_column_text][\/vc_column][vc_column width=&#8221;1\/5&#8243;][vc_column_text]<img decoding=\"async\" loading=\"lazy\" class=\"alignnone size-medium wp-image-3554\" src=\"http:\/\/zuccheratagourmet.com.br\/wp-content\/uploads\/2021\/02\/Pascoa-2018-300x300.jpg\" alt=\"\" width=\"300\" height=\"300\" srcset=\"http:\/\/www.zuccheratagourmet.com.br\/wordpress\/wp-content\/uploads\/2021\/02\/Pascoa-2018-300x300.jpg 300w, http:\/\/www.zuccheratagourmet.com.br\/wordpress\/wp-content\/uploads\/2021\/02\/Pascoa-2018-1024x1024.jpg 1024w, http:\/\/www.zuccheratagourmet.com.br\/wordpress\/wp-content\/uploads\/2021\/02\/Pascoa-2018-150x150.jpg 150w, http:\/\/www.zuccheratagourmet.com.br\/wordpress\/wp-content\/uploads\/2021\/02\/Pascoa-2018-768x768.jpg 768w, http:\/\/www.zuccheratagourmet.com.br\/wordpress\/wp-content\/uploads\/2021\/02\/Pascoa-2018-700x700.jpg 700w, http:\/\/www.zuccheratagourmet.com.br\/wordpress\/wp-content\/uploads\/2021\/02\/Pascoa-2018-600x600.jpg 600w, http:\/\/www.zuccheratagourmet.com.br\/wordpress\/wp-content\/uploads\/2021\/02\/Pascoa-2018-100x100.jpg 100w, http:\/\/www.zuccheratagourmet.com.br\/wordpress\/wp-content\/uploads\/2021\/02\/Pascoa-2018.jpg 1080w\" sizes=\"(max-width: 300px) 100vw, 300px\" \/>[\/vc_column_text][\/vc_column][vc_row][vc_column][vc_column_text][\/vc_column_text][\/vc_column][\/vc_row]<div style='border-color: #edecec; ' class='cws_divider none_line style_1'><img style='width:73px;' src='http:\/\/www.zuccheratagourmet.com.br\/wordpress\/wp-content\/themes\/bellaria\/img\/dividers\/divider_1.png' alt \/><\/div>[vc_row][vc_column][vc_column_text][\/vc_column_text][\/vc_column][\/vc_row][vc_column width=&#8221;1\/4&#8243;][vc_column_text]<img decoding=\"async\" loading=\"lazy\" class=\"alignnone size-medium wp-image-3553\" src=\"http:\/\/zuccheratagourmet.com.br\/wp-content\/uploads\/2021\/02\/Brownie-Zuccherata-225x300.jpg\" alt=\"\" width=\"225\" height=\"300\" srcset=\"http:\/\/www.zuccheratagourmet.com.br\/wordpress\/wp-content\/uploads\/2021\/02\/Brownie-Zuccherata-225x300.jpg 225w, http:\/\/www.zuccheratagourmet.com.br\/wordpress\/wp-content\/uploads\/2021\/02\/Brownie-Zuccherata-768x1024.jpg 768w, http:\/\/www.zuccheratagourmet.com.br\/wordpress\/wp-content\/uploads\/2021\/02\/Brownie-Zuccherata-1152x1536.jpg 1152w, http:\/\/www.zuccheratagourmet.com.br\/wordpress\/wp-content\/uploads\/2021\/02\/Brownie-Zuccherata-1536x2048.jpg 1536w, http:\/\/www.zuccheratagourmet.com.br\/wordpress\/wp-content\/uploads\/2021\/02\/Brownie-Zuccherata-1500x2000.jpg 1500w, http:\/\/www.zuccheratagourmet.com.br\/wordpress\/wp-content\/uploads\/2021\/02\/Brownie-Zuccherata-600x800.jpg 600w, http:\/\/www.zuccheratagourmet.com.br\/wordpress\/wp-content\/uploads\/2021\/02\/Brownie-Zuccherata-scaled.jpg 1920w\" sizes=\"(max-width: 225px) 100vw, 225px\" \/>[\/vc_column_text][vc_column_text][\/vc_column_text][\/vc_column][vc_column width=&#8221;3\/4&#8243;][vc_column_text]\r\n<p style=\"text-align: center;\">Um <strong>tempinho passou<\/strong> e os clientes come\u00e7aram a pedir por mais doces, comecei a fazer o nosso <strong>famoso Brownie<\/strong>, e as encomendas dispararam, o sucesso foi grande entre todos que comiam, e \u00e9 assim at\u00e9 hoje.<\/p>\r\n<p style=\"text-align: center;\">[\/vc_column_text][\/vc_column][vc_row][vc_column][vc_column_text][\/vc_column_text][\/vc_column][\/vc_row]<div style='border-color: #edecec; ' class='cws_divider none_line style_1'><img style='width:73px;' src='http:\/\/www.zuccheratagourmet.com.br\/wordpress\/wp-content\/themes\/bellaria\/img\/dividers\/divider_1.png' alt \/><\/div>[vc_row][vc_column][vc_column_text][\/vc_column_text][\/vc_column][\/vc_row][vc_column width=&#8221;4\/5&#8243;][vc_column_text]\r\n<p style=\"text-align: center;\">Com o sucesso das vendas minha primeira conquista material: <strong>comprei nosso lindo Foodcart<\/strong>, e foi surreal. A Zuccherata estava tomando forma, ali naquele carrinho que me enche de orgulho a cada vez que olho para ele.<\/p>\r\n[\/vc_column_text][\/vc_column][vc_column width=&#8221;1\/5&#8243;][vc_column_text]<img decoding=\"async\" loading=\"lazy\" class=\"alignnone size-medium wp-image-3552\" src=\"http:\/\/zuccheratagourmet.com.br\/wp-content\/uploads\/2021\/02\/Food-Cart-Zuccherata-300x300.jpeg\" alt=\"\" width=\"300\" height=\"300\" srcset=\"http:\/\/www.zuccheratagourmet.com.br\/wordpress\/wp-content\/uploads\/2021\/02\/Food-Cart-Zuccherata-300x300.jpeg 300w, http:\/\/www.zuccheratagourmet.com.br\/wordpress\/wp-content\/uploads\/2021\/02\/Food-Cart-Zuccherata-1024x1024.jpeg 1024w, http:\/\/www.zuccheratagourmet.com.br\/wordpress\/wp-content\/uploads\/2021\/02\/Food-Cart-Zuccherata-150x150.jpeg 150w, http:\/\/www.zuccheratagourmet.com.br\/wordpress\/wp-content\/uploads\/2021\/02\/Food-Cart-Zuccherata-768x768.jpeg 768w, http:\/\/www.zuccheratagourmet.com.br\/wordpress\/wp-content\/uploads\/2021\/02\/Food-Cart-Zuccherata-700x700.jpeg 700w, http:\/\/www.zuccheratagourmet.com.br\/wordpress\/wp-content\/uploads\/2021\/02\/Food-Cart-Zuccherata-600x600.jpeg 600w, http:\/\/www.zuccheratagourmet.com.br\/wordpress\/wp-content\/uploads\/2021\/02\/Food-Cart-Zuccherata-100x100.jpeg 100w, http:\/\/www.zuccheratagourmet.com.br\/wordpress\/wp-content\/uploads\/2021\/02\/Food-Cart-Zuccherata.jpeg 1080w\" sizes=\"(max-width: 300px) 100vw, 300px\" \/>[\/vc_column_text][\/vc_column][vc_row][vc_column][\/vc_column][\/vc_row]<div style='border-color: #edecec; ' class='cws_divider none_line style_1'><img style='width:73px;' src='http:\/\/www.zuccheratagourmet.com.br\/wordpress\/wp-content\/themes\/bellaria\/img\/dividers\/divider_1.png' alt \/><\/div>[vc_row][vc_column][vc_column_text][\/vc_column_text][\/vc_column][\/vc_row][vc_column width=&#8221;1\/4&#8243;][vc_column_text]<img decoding=\"async\" loading=\"lazy\" class=\"alignnone size-medium wp-image-3551\" src=\"http:\/\/zuccheratagourmet.com.br\/wp-content\/uploads\/2021\/02\/Producao-Zuccherata-300x179.jpg\" alt=\"\" width=\"300\" height=\"179\" srcset=\"http:\/\/www.zuccheratagourmet.com.br\/wordpress\/wp-content\/uploads\/2021\/02\/Producao-Zuccherata-300x179.jpg 300w, http:\/\/www.zuccheratagourmet.com.br\/wordpress\/wp-content\/uploads\/2021\/02\/Producao-Zuccherata-1024x611.jpg 1024w, http:\/\/www.zuccheratagourmet.com.br\/wordpress\/wp-content\/uploads\/2021\/02\/Producao-Zuccherata-768x458.jpg 768w, http:\/\/www.zuccheratagourmet.com.br\/wordpress\/wp-content\/uploads\/2021\/02\/Producao-Zuccherata-1536x917.jpg 1536w, http:\/\/www.zuccheratagourmet.com.br\/wordpress\/wp-content\/uploads\/2021\/02\/Producao-Zuccherata-2048x1222.jpg 2048w, http:\/\/www.zuccheratagourmet.com.br\/wordpress\/wp-content\/uploads\/2021\/02\/Producao-Zuccherata-2000x1194.jpg 2000w, http:\/\/www.zuccheratagourmet.com.br\/wordpress\/wp-content\/uploads\/2021\/02\/Producao-Zuccherata-600x358.jpg 600w\" sizes=\"(max-width: 300px) 100vw, 300px\" \/>[\/vc_column_text][\/vc_column][vc_column width=&#8221;3\/4&#8243;][vc_column_text]\r\n<p style=\"text-align: center;\">Com o aumento na produ\u00e7\u00e3o, a cozinha de casa j\u00e1 n\u00e3o comportava a nossa produ\u00e7\u00e3o, e em agosto do mesmo ano com os olhinhos brilhando e o cora\u00e7\u00e3o transbordando de alegria\u00a0<strong>inaugurei minha nova cozinha, onde hoje fa\u00e7o todas as encomendas e pronta entrega da Zuccherata.<\/strong><\/p>\r\n[\/vc_column_text][\/vc_column][vc_column][vc_column_text]\r\n<p style=\"text-align: center;\">Nesse novo espa\u00e7o recebo a ajuda da minha filha Bianca em muitos processos da produ\u00e7\u00e3o e finaliza\u00e7\u00e3o dos pedidos, o que facilita muito minha rotina agitada, e a continuar entregando tantos doces gostosos para voc\u00eas.<\/p>\r\n[\/vc_column_text][\/vc_column][vc_row][vc_column][vc_column_text]\r\n<p style=\"text-align: center;\"><em>Ent\u00e3o, quando me perguntam como come\u00e7amos, sempre digo que a <strong>Zuccherata nasceu na P\u00e1scoa<\/strong>, mas come\u00e7ou mesmo com <strong>nosso famoso Brownie.<\/strong><\/em><\/p>\r\n[\/vc_column_text][vc_column_text][\/vc_column_text][\/vc_column][\/vc_row]<div style='border-color: #edecec; ' class='cws_divider none_line style_1'><img style='width:73px;' src='http:\/\/www.zuccheratagourmet.com.br\/wordpress\/wp-content\/themes\/bellaria\/img\/dividers\/divider_1.png' alt \/><\/div>[vc_row][vc_column][vc_column_text]\r\n<blockquote class=\"wp-block-quote\"><p>Zuccherata no dicion\u00e1rio Italiano<\/p>\r\n<p>A defini\u00e7\u00e3o de ado\u00e7ada, a\u00e7ucarada, ado\u00e7ada com a\u00e7\u00facar: \u00e1gua a\u00e7ucarada, parab\u00e9ns a\u00e7ucarados.<\/p>\r\n<p>Pron\u00fancia: zu.que.ra.ta<\/p><\/blockquote>\r\n[\/vc_column_text][\/vc_column][\/vc_row][vc_column][\/vc_column]\r\n","protected":false},"excerpt":{"rendered":"<p>[vc_row][vc_column][vc_column_text] \u00a0 A Zuccherata A Zuccherata Gourmet nasceu em meio a muito chocolate e amor pela confeitaria! Ol\u00e1, sou a Vivi Cordeiro e vim te contar nossa hist\u00f3ria! [\/vc_column_text][\/vc_column][\/vc_row][vc_column width=&#8221;4\/5&#8243;][vc_column_text] Foi na P\u00e1scoa de 2018 que tudo come\u00e7ou\u2026 Investi uma pequena quantia inicial e comprei alguns materiais, uma geladeira usada e comecei a divulgar. Recebi [&hellip;]<\/p>\n","protected":false},"author":1,"featured_media":0,"parent":0,"menu_order":0,"comment_status":"closed","ping_status":"closed","template":"","meta":{"_monsterinsights_skip_tracking":false,"_monsterinsights_sitenote_active":false,"_monsterinsights_sitenote_note":"","_monsterinsights_sitenote_category":0},"aioseo_notices":[],"_links":{"self":[{"href":"http:\/\/www.zuccheratagourmet.com.br\/wordpress\/wp-json\/wp\/v2\/pages\/2394"}],"collection":[{"href":"http:\/\/www.zuccheratagourmet.com.br\/wordpress\/wp-json\/wp\/v2\/pages"}],"about":[{"href":"http:\/\/www.zuccheratagourmet.com.br\/wordpress\/wp-json\/wp\/v2\/types\/page"}],"author":[{"embeddable":true,"href":"http:\/\/www.zuccheratagourmet.com.br\/wordpress\/wp-json\/wp\/v2\/users\/1"}],"replies":[{"embeddable":true,"href":"http:\/\/www.zuccheratagourmet.com.br\/wordpress\/wp-json\/wp\/v2\/comments?post=2394"}],"version-history":[{"count":189,"href":"http:\/\/www.zuccheratagourmet.com.br\/wordpress\/wp-json\/wp\/v2\/pages\/2394\/revisions"}],"predecessor-version":[{"id":3676,"href":"http:\/\/www.zuccheratagourmet.com.br\/wordpress\/wp-json\/wp\/v2\/pages\/2394\/revisions\/3676"}],"wp:attachment":[{"href":"http:\/\/www.zuccheratagourmet.com.br\/wordpress\/wp-json\/wp\/v2\/media?parent=2394"}],"curies":[{"name":"wp","href":"https:\/\/api.w.org\/{rel}","templated":true}]}}